
What is the hundred thousands digit of 161795803?
7
What is the hundred thousands digit of 126292762?
2
What is the hundred thousands digit of 588864?
5
What is the hundred thousands digit of 10536636?
5
What is the thousands digit of 87391238?
1
What is the units digit of 5894855?
5
What is the millions digit of 16244226?
6
What is the billions digit of 2770524791?
2
What is the hundreds digit of 1006913685?
6
What is the thousands digit of 109615291?
5
What is the units digit of 1813287661?
1
What is the tens digit of 215286972?
7
What is the tens digit of 60373554?
5
What is the tens digit of 1364558429?
2
What is the thousands digit of 38561729?
1
What is the units digit of 636422496?
6
What is the hundred millions digit of 265933172?
2
What is the millions digit of 334400636?
4
What is the ten thousands digit of 91284876?
8
What is the ten millions digit of 281829927?
8
What is the ten millions digit of 432293775?
3
What is the tens digit of 364719290?
9
What is the ten millions digit of 223402132?
2
What is the millions digit of 271267846?
1
What is the hundreds digit of 715875445?
4
What is the thousands digit of 47072738?
2
What is the hundred thousands digit of 1221762567?
7
What is the hundred millions digit of 147686921?
1
What is the tens digit of 1799695491?
9
What is the tens digit of 807915549?
4
What is the hundred millions digit of 2348546552?
3
What is the ten millions digit of 327085911?
2
What is the ten millions digit of 365161977?
6
What is the units digit of 597177905?
5
What is the millions digit of 1119485457?
9
What is the hundred millions digit of 101549424?
1
What is the hundreds digit of 276271532?
5
What is the millions digit of 116176792?
6
What is the millions digit of 451189597?
1
What is the hundreds digit of 762257445?
4
What is the ten millions digit of 901002829?
0
What is the thousands digit of 238874324?
4
What is the hundreds digit of 2896288?
2
What is the hundred millions digit of 106480672?
1
What is the tens digit of 51142642?
4
What is the thousands digit of 23715136?
5
What is the thousands digit of 104924884?
4
What is the ten thousands digit of 2471714069?
1
What is the thousands digit of 1687580777?
0
What is the hundred thousands digit of 235810081?
8
What is the thousands digit of 4065289526?
9
What is the tens digit of 226509916?
1
What is the ten thousands digit of 83855353?
5
What is the thousands digit of 5905631349?
1
What is the millions digit of 3401175?
3
What is the units digit of 1463483554?
4
What is the hundred thousands digit of 125806354?
8
What is the hundred thousands digit of 3598726?
5
What is the tens digit of 24229446?
4
What is the hundred thousands digit of 384837274?
8
What is the hundred millions digit of 294248382?
2
What is the units digit of 22949264?
4
What is the millions digit of 1047869667?
7
What is the units digit of 93466197?
7
What is the hundred millions digit of 2931792337?
9
What is the hundreds digit of 5886386760?
7
What is the tens digit of 170764720?
2
What is the ten thousands digit of 3353863876?
6
What is the tens digit of 184277747?
4
What is the thousands digit of 56548304?
8
What is the thousands digit of 169832407?
2
What is the hundreds digit of 765791702?
7
What is the millions digit of 1491446205?
1
What is the hundred thousands digit of 29754573?
7
What is the ten millions digit of 239568611?
3
What is the tens digit of 191095944?
4
What is the units digit of 1282470897?
7
What is the ten thousands digit of 50181236?
8
What is the ten millions digit of 46993437?
4
What is the tens digit of 67247517?
1
What is the hundred thousands digit of 4006753?
0
What is the millions digit of 58545397?
8
What is the hundred thousands digit of 52066568?
0
What is the hundred millions digit of 473425534?
4
What is the units digit of 666461070?
0
What is the ten thousands digit of 201409322?
0
What is the thousands digit of 5901004080?
4
What is the tens digit of 329743526?
2
What is the tens digit of 5590952851?
5
What is the tens digit of 1409805501?
0
What is the units digit of 106943899?
9
What is the units digit of 1506692047?
7
What is the hundred thousands digit of 93614741?
6
What is the hundred millions digit of 471539089?
4
What is the units digit of 2479196725?
5
What is the hundred millions digit of 228390418?
2
What is the hundred millions digit of 3495680822?
4
What is the billions digit of 5332198839?
5
What is the hundred millions digit of 177410867?
1
What is the tens digit of 172539159?
5
What is the hundreds digit of 16289404?
4
What is the hundred thousands digit of 51637011?
6
What is the hundreds digit of 245038847?
8
What is the hundred thousands digit of 606167938?
1
What is the hundred millions digit of 1034185390?
0
What is the hundreds digit of 2891566098?
0
What is the units digit of 930254523?
3
What is the millions digit of 679382841?
9
What is the millions digit of 225632665?
5
What is the ten millions digit of 55469700?
5
What is the thousands digit of 1746539625?
9
What is the ten millions digit of 3073795937?
7
What is the hundred thousands digit of 88167658?
1
What is the hundred millions digit of 2909286175?
9
What is the thousands digit of 176874872?
4
What is the hundred thousands digit of 456818509?
8
What is the millions digit of 1876906?
1
What is the tens digit of 4217179408?
0
What is the thousands digit of 23140677?
0
What is the billions digit of 3385248911?
3
What is the millions digit of 188800651?
8
What is the millions digit of 85283284?
5
What is the tens digit of 561990832?
3
What is the hundreds digit of 1248190116?
1
What is the hundred millions digit of 138189065?
1
What is the millions digit of 322779289?
2
What is the millions digit of 754527802?
4
What is the units digit of 459853648?
8
What is the tens digit of 3170239816?
1
What is the units digit of 126544582?
2
What is the hundred thousands digit of 216991457?
9
What is the ten thousands digit of 27234250?
3
What is the thousands digit of 355311813?
1
What is the units digit of 200653882?
2
What is the units digit of 9975345?
5
What is the tens digit of 1110994276?
7
What is the units digit of 217804944?
4
What is the hundreds digit of 168211833?
8
What is the hundred millions digit of 1386987059?
3
What is the hundred thousands digit of 57121439?
1
What is the ten millions digit of 35846427?
3
What is the ten millions digit of 57805728?
5
What is the thousands digit of 347726217?
6
What is the millions digit of 1491124298?
1
What is the ten thousands digit of 360501264?
0
What is the hundred thousands digit of 4903242?
9
What is the tens digit of 619417235?
3
What is the hundred thousands digit of 1712090777?
0
What is the hundreds digit of 321336931?
9
What is the billions digit of 3007776901?
3
What is the hundred millions digit of 128856459?
1
What is the hundred millions digit of 114254900?
1
What is the hundred thousands digit of 1520293603?
2
What is the tens digit of 421045549?
4
What is the ten thousands digit of 441628112?
2
What is the tens digit of 115997542?
4
What is the thousands digit of 370557767?
7
What is the billions digit of 3999406755?
3
What is the hundred thousands digit of 4267502549?
5
What is the hundreds digit of 1850019028?
0
What is the thousands digit of 2473386146?
6
What is the hundred millions digit of 5394186882?
3
What is the thousands digit of 826994496?
4
What is the ten thousands digit of 925316419?
1
What is the hundreds digit of 877968?
9
What is the hundred millions digit of 1105385677?
1
What is the tens digit of 94334593?
9
What is the thousands digit of 105014088?
4
What is the hundred thousands digit of 612919422?
9
What is the millions digit of 3541824926?
1
What is the tens digit of 7454060?
6
What is the hundred thousands digit of 170439431?
4
What is the ten millions digit of 379730419?
7
What is the ten thousands digit of 75653377?
5
What is the ten thousands digit of 37597147?
9
What is the millions digit of 749119677?
9
What is the hundred thousands digit of 134725891?
7
What is the ten millions digit of 5854540913?
5
What is the thousands digit of 98076046?
6
What is the ten thousands digit of 47835530?
3
What is the hundred thousands digit of 230206336?
2
What is the hundreds digit of 29